1834
In base 15, what is -5 - b1?
-b6
In base 8, what is 1603 - 5?
1576
In base 15, what is -14 - 6e?
-83
In base 16, what is 1c + -3?
19
In base 13, what is 7 - 175?
-16b
In base 8, what is 3 - -603?
606
In base 4, what is 2101 + -212?
1223
In base 3, what is 120021 + 11?
120102
In base 7, what is 433 - -2?
435
In base 12, what is 4 - -7?
b
In base 15, what is 2 + 177?
179
In base 8, what is -6716 + 1?
-6715
In base 4, what is 103112 - 1?
103111
In base 11, what is -4 - -41?
38
In base 11, what is 49 + 13?
61
In base 4, what is -1010313 - -11?
-1010302
In base 4, what is 1031 - 0?
1031
In base 3, what is -22 - 210212?
-211011
In base 13, what is -2a5 + 41?
-264
In base 7, what is -23 + -1430?
-1453
In base 7, what is -240 - 3?
-243
In base 9, what is 5 + 480?
485
In base 8, what is -15 + 165?
150
In base 16, what is -2 + -20e?
-210
In base 8, what is 11265 - -5?
11272
In base 13, what is 19 - -13?
2c
In base 14, what is -2 - -29?
27
In base 6, what is -15 - -44?
25
In base 4, what is -32 - -33312?
33220
In base 3, what is 110202 - -12?
110221
In base 6, what is -30513 + -5?
-30522
In base 2, what is 1100 - -1?
1101
In base 12, what is 880 + 3?
883
In base 9, what is 104 - 120?
-15
In base 12, what is 4 - -39?
41
In base 10, what is 1713 - 0?
1713
In base 6, what is 142 - 53?
45
In base 9, what is -184 + 3?
-181
In base 15, what is 2 - 3d?
-3b
In base 14, what is -76 + 2d?
-47
In base 14, what is 0 + -54b?
-54b
In base 10, what is 1 - 715?
-714
In base 14, what is -10 - -13?
3
In base 7, what is -25 - 4?
-32
In base 10, what is 4 - 313?
-309
In base 7, what is 5 - -4?
12
In base 4, what is -21 + 3213?
3132
In base 2, what is -1101 + -1001101?
-1011010
In base 7, what is 2 - 243?
-241
In base 5, what is -2 - 2234?
-2241
In base 5, what is -110334 + -1?
-110340
In base 3, what is -100 - -110210?
110110
In base 12, what is 4 - -3a?
42
In base 16, what is -8 - -14?
c
In base 5, what is -114 - 2?
-121
In base 4, what is -11 - 103?
-120
In base 14, what is 8 - -46?
50
In base 10, what is -4 + -64?
-68
In base 2, what is -1000110 + -101?
-1001011
In base 9, what is 174 + -7?
166
In base 7, what is -1153 + -30?
-1213
In base 5, what is -121 + -13?
-134
In base 5, what is 20 + -110?
-40
In base 16, what is -5 - 1a?
-1f
In base 7, what is 265 + 66?
364
In base 2, what is -1110100101111 - 1?
-1110100110000
In base 9, what is 100 - 14?
75
In base 11, what is -207 - -8?
-1aa
In base 15, what is 2 + 2?
4
In base 16, what is -7 - -a7?
a0
In base 16, what is 5 + 24?
29
In base 5, what is 34040 - 4?
34031
In base 14, what is -8 + 3a?
32
In base 10, what is -5 + -311?
-316
In base 14, what is -1dc - 4?
-202
In base 5, what is 3 - -1213?
1221
In base 2, what is 100110 + -110?
100000
In base 9, what is 14 + 10?
24
In base 7, what is 334 + 134?
501
In base 5, what is -1 + -2141?
-2142
In base 5, what is -3 - 41?
-44
In base 2, what is 11 - -1011011?
1011110
In base 7, what is 1303 - -5?
1311
In base 3, what is 2 + -1011200?
-1011121
In base 3, what is -2 + -2?
-11
In base 5, what is 33 + -112?
-24
In base 4, what is -10 + -231?
-301
In base 2, what is 1 + 1011?
1100
In base 16, what is 40 - -22?
62
In base 3, what is 2 + 111100000?
111100002
In base 14, what is -3 - -b?
8
In base 2, what is 110110 + 10?
111000
In base 8, what is -174 - -43?
-131
In base 2, what is -101 + 1100110?
1100001
In base 4, what is -1212 + 31?
-1121
In base 9, what is -2 + 1602?
1600
In base 5, what is -30143 + 3?
-30140
In base 5, what is -20313 + 1?
-20312
In base 14, what is 10 - -1d?
2d
In base 8, what is 4016 - 3?
4013
In base 8, what is 3 + -606?
-603
In base 13, what is -2 - 11a?
-11c
In base 11, what is 4 + -16?
-12
In base 8, what is 501 + -3?
476
In base 9, what is 250 - 2?
247
In base 8, what is -1054 - 1?
-1055
In base 15, what is -125 + 2?
-123
In base 16, what is -2 + 5?
3
In base 14, what is -31 + -23c?
-26d
In base 9, what is 6 + -1228?
-1222
In base 7, what is -2 - -11543?
11541
In base 14, what is -a - -13?
7
In base 16, what is -2 - -21?
1f
In base 7, what is 55 - 1143?
-1055
In base 10, what is -19 + 222?
203
In base 10, what is 11 - 19?
-8
In base 5, what is -3 - -1200?
1142
In base 4, what is 121 + 30?
211
In base 16, what is 10 - 4?
c
In base 15, what is -22c8 - 1?
-22c9
In base 7, what is 5 + -3132?
-3124
In base 7, what is 6 - -153?
162
In base 2, what is 101010010 + -101?
101001101
In base 9, what is 123 - -1?
124
In base 7, what is 230 - 1?
226
In base 14, what is 30 - -7?
37
In base 15, what is c + -54c?
-540
In base 11, what is 64 + a2?
156
In base 15, what is -3 + -a0?
-a3
In base 7, what is 2446 - -6?
2455
In base 4, what is -131112 + -1?
-131113
In base 15, what is -11 + -6?
-17
In base 11, what is 5 + 1441?
1446
In base 14, what is -13 + 0?
-13
In base 8, what is -4 + 17?
13
In base 3, what is -111122 + -12?
-111211
In base 4, what is -2 - -3?
1
In base 12, what is 658 + 0?
658
In base 4, what is -13202 - -133?
-13003
In base 9, what is 2566 - 1?
2565
In base 15, what is -e - -4d?
3e
In base 13, what is 4 + -11?
-a
In base 2, what is -111 + 110010110001?
110010101010
In base 11, what is 4 + -3115?
-3111
In base 6, what is 3 - 24131?
-24124
In base 10, what is 4 + 6640?
6644
In base 8, what is -357 + 4?
-353
In base 11, what is 3 + 4?
7
In base 10, what is 1 + -1001?
-1000
In base 5, what is -42 + -2?
-44
In base 11, what is 1 - -34?
35
In base 12, what is 3 - 90?
-89
In base 13, what is 32 + c0?
122
In base 3, what is 110211211 - 11?
110211200
In base 8, what is -303 + 0?
-303
In base 9, what is 1426 + -4?
1422
In base 5, what is 3 + 32223?
32231
In base 15, what is 64 - -9?
6d
In base 2, what is -10101111101 + 101?
-10101111000
In base 6, what is -2 - 1035?
-1041
In base 2, what is -100110000 - 10001?
-101000001
In base 16, what is 0 + 37?
37
In base 9, what is -5 - -2457?
2452
In base 5, what is 3 - -322?
330
In base 10, what is 71 + 77?
148
In base 7, what is 52424 + -1?
52423
In base 10, what is 3 + 16?
19
In base 6, what is -141 + -13?
-154
In base 16, what is 5 - -1a?
1f
In base 5, what is 24 + -20341?
-20312
In base 7, what is 154 - 4?
150
In base 16, what is 7 - -1f5?
1fc
In base 3, what is -21012222 - 11?
-21020010
In base 2, what is -1 - 1101?
-1110
In base 7, what is -10132 + 5?
-10124
In base 4, what is 20 - -102?
122
In base 11, what is 4 - a1?
-98
In base 2, what is 101 + 1011100110?
1011101011
In base 13, what is 6 + -80?
-77
In base 2, what is -101110011 + -1010?
-101111101
In base 6, what is -1000 + -3?
-1003
In base 8, what is 70 - -22?
112
In base 4, what is 120 - -13223?
20003
In base 8, what is 3 - 125?
-122
In base 15, what is -18e + 6?
-188
In base 6, what is -10504 - 1?
-10505
In base 14, what is -40 + -4?
-44
In base 2, what is 100 - -11010100100?
11010101000
In base 9, what is 121 - 25?
85
In base 9, what is 3 + -436?
-433
In base 3, what is -20 - 2112000?
-2112020
In base 11, what is -3 - -155?
152
In base 16, what is 93 - -62?
f5
In base 5, what is 3 + 13120?
13123
In base 16, what is -3 + 1e2?
1df
In base 8, what is 6401 + 3?
6404
In base 8, what is 3 + 2?
5
In base 3, what is -2 + 201102?
201100
In base 11, what is 17 + 0?
17
In base 7, what is 6 + -1?
5
In base 3, what is 102 + -120?
-11
In base 4, what is -10 + -1112?
-1122
In base 2, what is 100 + 10001?
10101
In base 7, what is 21 + -4?
14
In base 11, what is 4 - 266?
-262
In base 13, what is -11 + -22?
-33
In base 7, what is -11461 - -2?
-11456
In base 8, what is 7 - 46?
-37
In base 5, what is 414 - -4?
423
In base 7, what is 1 - -1146?
1150
In base 13, what is -216 - 1?
-217
In base 4, what is 3 - -13?
22
In base 8, what is 614 + 116?
732
In base 10, what is 10 - 77?
-67
In base 8, what is -571 + -10?
-601
In base 12, what is 1536 - -3?
1539
In base 10, what is 2 - -1411?
1413
In base 11, what is 12 + -1?
11
In base 10, what is -4 - -44?
40
In base 4, what is 3 + -112020?
-112011
In base 6, what is -5 - -124?
115
In base 15, what is -5 - -2b?
26
In base 9, what is 0 + -667?
-667
In base 15, what is -2 + 170?
16d
In base 10, what is -10 + 1?
-9
In base 6, what is -34015 - 5?
-34024
In base 11, what is 1108 - -3?
1110
In base 13, what is -8 + -4a?
-55
In base 2, what is 101 + 1010?
1111
In base 9, what is -24 + -286?
-321
In base 13, what is -29 - 0?
-29
In base 9, wha